1081442?
True
Does 162 divide 891973?
False
Is 1560814 a multiple of 86?
True
Is 20359 a multiple of 4?
False
Is 15318172 a multiple of 2088?
False
Is 279 a factor of 295388?
False
Does 2774 divide 10436080?
False
Does 32 divide 40866?
False
Is 18 a factor of 85608?
True
Does 2 divide 152267?
False
Does 120 divide 6099720?
True
Is 75 a factor of 84181?
False
Does 17 divide 144197?
False
Is 15718 a multiple of 60?
False
Is 9 a factor of 168280?
False
Does 11 divide 56122?
True
Is 30653 even?
False
Is 18578965 a multiple of 17?
False
Is 1290473 a multiple of 4?
False
Is 21 a factor of 632497?
False
Is 109770 a multiple of 15?
True
Is 301801 a multiple of 20?
False
Is 42476 a multiple of 8?
False
Is 22 a factor of 1158733?
False
Is 40393 a multiple of 103?
False
Does 8 divide 320978?
False
Is 370547 a multiple of 6?
False
Is 110268 a multiple of 54?
True
Does 295 divide 483210?
True
Is 4344 a multiple of 181?
True
Does 142 divide 7057486?
False
Is 496738 a multiple of 737?
True
Is 398760 a multiple of 30?
True
Is 39 a factor of 306072?
True
Is 9902250 a multiple of 810?
True
Is 319 a factor of 412852?
False
Is 1032113 a multiple of 67?
False
Is 234374 a multiple of 448?
False
Is 8 a factor of 207520?
True
Is 627519 a multiple of 447?
False
Is 37 a factor of 318844?
False
Does 34 divide 4420136?
True
Does 58 divide 96347?
False
Does 2 divide 40183?
False
Does 33 divide 430386?
True
Does 144 divide 8352?
True
Is 12024750 a multiple of 25?
True
Is 63 a factor of 1345932?
True
Is 33 a factor of 649011?
True
Is 879412 a multiple of 7?
False
Is 16553009 a multiple of 9?
False
Is 3 a factor of 15464?
False
Does 404 divide 2170692?
True
Is 17 a factor of 3460418?
True
Does 461 divide 21945344?
False
Is 2254 a factor of 1413258?
True
Does 20 divide 1273680?
True
Is 5187564 a multiple of 13?
False
Is 215 a factor of 2140755?
True
Is 814861 a multiple of 135?
False
Is 53543 a multiple of 83?
False
Does 63 divide 162793?
False
Is 166 a factor of 233331?
False
Is 7916235 a multiple of 15?
True
Is 1965912 a multiple of 26?
True
Is 1371930 a multiple of 5?
True
Is 1012090 a multiple of 5?
True
Is 532 a factor of 314954?
False
Does 249 divide 3448126?
False
Does 960 divide 1719360?
True
Is 2427783 a multiple of 13?
False
Is 438 a factor of 6195510?
True
Is 153388 a multiple of 36?
False
Is 12 a factor of 1617176?
False
Does 14 divide 61677?
False
Is 5673569 a multiple of 11?
True
Is 30 a factor of 2121270?
True
Is 34 a factor of 1072224?
True
Does 226 divide 162494?
True
Does 7 divide 49714?
True
Does 9 divide 307872?
True
Is 5424628 a multiple of 164?
True
Is 56 a factor of 4842320?
True
Does 111 divide 4046061?
True
Is 1637329 a multiple of 84?
False
Is 314730 a multiple of 26?
True
Does 509 divide 5724814?
False
Is 67 a factor of 4810824?
False
Is 600 a factor of 2304034?
False
Is 322263 a multiple of 33?
False
Is 2814 a factor of 9711114?
True
Is 18 a factor of 144126?
True
Does 710 divide 896170?
False
Does 972 divide 1106599?
False
Is 679 a factor of 1471393?
True
Is 207969 a multiple of 383?
True
Does 4 divide 2416?
True
Is 13 a factor of 820885?
True
Does 2195 divide 11844645?
False
Does 113 divide 828064?
True
Is 3651232 a multiple of 52?
True
Is 209900 a multiple of 100?
True
Is 82520 a multiple of 40?
True
Does 175 divide 176492?
False
Does 35 divide 30345?
True
Is 5 a factor of 69914?
False
Does 21 divide 65712?
False
Is 5872789 a multiple of 54?
False
Does 14 divide 38822?
True
Is 583128 a multiple of 28?
True
Is 3143819 a multiple of 16?
False
Is 114 a factor of 464507?
False
Is 7 a factor of 405055?
True
Does 14 divide 72702?
True
Is 122883 a multiple of 13?
False
Does 639 divide 11300076?
True
Is 65 a factor of 50476?
False
Does 5 divide 5846115?
True
Does 181 divide 56136?
False
Is 1079 a factor of 1417813?
False
Is 3076573 a multiple of 19?
False
Is 1940392 a multiple of 472?
True
Is 5549138 a multiple of 28?
False
Is 188092 a multiple of 155?
False
Does 8 divide 107512?
True
Does 38 divide 8666262?
False
Does 204 divide 1497972?
True
Does 167 divide 1331324?
True
Is 40 a factor of 12959800?
True
Is 18 a factor of 102152?
False
Is 533808 a multiple of 24?
True
Does 15 divide 510165?
True
Is 617652 a multiple of 76?
True
Is 88987 a multiple of 438?
False
Does 113 divide 854714?
False
Does 4 divide 190284?
True
Is 616800 a multiple of 50?
True
Does 33 divide 729795?
True
Is 31856 a multiple of 7?
False
Is 23271 a multiple of 231?
False
Does 2 divide 27200?
True
Is 1569 a factor of 1008647?
False
Is 611493 a multiple of 5?
False
Is 107 a factor of 2527175?
False
Is 195 a factor of 9122100?
True
Does 147 divide 93591?
False
Is 4 a factor of 13876?
True
Does 16 divide 87356?
False
Is 8 a factor of 2360728?
True
Is 48 a factor of 149472?
True
Does 252 divide 644616?
True
Is 125 a factor of 123625?
True
Is 2037953 a multiple of 9?
False
Does 625 divide 535242?
False
Is 1020552 a multiple of 52?
True
Is 58 a factor of 132066?
True
Does 540 divide 758160?
True
Is 5 a factor of 413007?
False
Does 9 divide 122439?
False
Does 22 divide 6709714?
True
Does 65 divide 725360?
False
Is 11 a factor of 1103443?
True
Is 7140140 a multiple of 20?
True
Is 4 a factor of 94820?
True
Does 172 divide 5787112?
True
Is 5343 a multiple of 20?
False
Is 67 a factor of 3551670?
True
Is 524178 even?
True
Is 4 a factor of 1385200?
True
Is 154 a factor of 369908?
True
Does 10 divide 5086?
False
Is 53870 a multiple of 39?
False
Is 14266692 a multiple of 81?
True
Is 555 a factor of 6837600?
True
Is 489597 a multiple of 3?
True
Does 18 divide 282125?
False
Is 15 a factor of 154140?
True
Is 147524 a multiple of 313?
False
Is 198 a factor of 27145?
False
Does 63 divide 323099?
False
Does 8 divide 42082?
False
Is 4872 a multiple of 7?
True
Is 45 a factor of 39285?
True
Does 9 divide 112752?
True
Is 1246856 a multiple of 13?
True
Is 4592103 a multiple of 9?
False
Is 281785 a multiple of 9?
False
Is 20 a factor of 3911862?
False
Does 10 divide 563625?
False
Does 28 divide 250992?
True
Does 14 divide 757414?
True
Does 87 divide 1988646?
True
Is 386821 a multiple of 416?
False
Is 164872 a multiple of 296?
True
Is 5032091 a multiple of 25?
False
Does 6 divide 1058634?
True
Is 1662500 a multiple of 28?
True
Is 59 a factor of 32736?
False
Does 377 divide 778291?
False
Is 967 a factor of 263016?
False
Is 7 a factor of 85463?
True
Is 962469 a multiple of 84?
False
Does 122 divide 8122369?
False
Is 6236 a multiple of 12?
False
Is 740971 a multiple of 108?
False
Does 17 divide 12487078?
True
Is 48 a factor of 115728?
True
Does 13 divide 77428?
True
Does 13 divide 397111?
True
Is 8 a factor of 225384?
True
Is 82 a factor of 10912232?
True
Is 22 a factor of 177823?
False
Is 38 a factor of 117800?
True
Is 4530097 a multiple of 12?
False
Is 3628279 a multiple of 2026?
False
Is 41 a factor of 601732?
False
Is 11502866 a multiple of 103?
False
Is 81 a factor of 67570?
False
Is 13 a factor of 760851?
True
Is 27191 a multiple of 124?
False
Is 5365683 a multiple of 71?
True
Is 61 a factor of 3070008?
True
Is 13698 a multiple of 22?
False
Is 259599 a multiple of 3?
True
Does 92 divide 4227768?
True
Is 13 a factor of 58978?
False
Does 99 divide 13119544?
False
Does 229 divide 6763854?
False
Is 619837 a multiple of 101?
True
Does 71 divide 175186?
False
Is 991 a factor of 3370391?
True
Does 104 divide 243595?
False
Is 7 a factor of 113666?
True
Is 19 a factor of 1577?
True
Is 83 a factor of 338660?
False
Is 31 a factor of 58568?
False
Does 145 divide 4803258?
False
Does 212 divide 1216032?
True
Does 7 divide 730212?
True
Is 93 a factor of 14758170?
True
Is 84825 a multiple of 29?
True
Does 30 divide 123002?
False
Is 20 a factor of 3033540?
True
Is 314 a factor of 384285?
False
Is 124350 a multiple of 15?
True
Is 87 a factor of 50494?
False
Is 252594 a multiple of 20?
False
Is 13 a factor of 109473?
True
Is 14317991 a multiple of 470?
False
Is 13 a factor of 666569?
False
Is 225137 a multiple of 11?
True
Is 283827 a multiple of 53?
False
Is 307589 a multiple of 5?
False
Is 78841 a multiple of 49?
True
Is 30 a factor of 6446010?
True
Is 62 a factor of 306065?
False
Does 474 divide 1324221?
False
Does 173 divide 468830?
True
Is 29 a factor of 5347185?
False
Does 84 divide 234276?
True
Does 53 divide 61798